+ 5. Let g be k(6). What is the tens digit of (4/((-8)/106))/g?
5
Let s = 4 - 7. Let g = s + 6. Suppose 5*n - 50 = -7*t + 4*t, g*t - 5*n = 10. What is the units digit of t?
0
What is the tens digit of 2/14 + 444/28?
1
Let o = 29 - 9. Suppose 0 = -3*p - o + 77. What is the units digit of p?
9
Suppose -3*o + 14 = -1. Suppose -3*q - 20 = -o*q. What is the tens digit of q?
1
Let a = 515 + -320. What is the units digit of a?
5
Let y be (-266)/(-3) + 2/6. Let s = y + -36. What is the units digit of s?
3
Suppose -1072 = -6*s + 410. What is the hundreds digit of s?
2
Let n(i) = 11*i + 9. Let p(v) = -4*v - 3. Let x(h) = -3*n(h) - 8*p(h). What is the units digit of x(-4)?
1
Suppose 2*s = -2*s. Let h(l) = -l**3 - 7*l**2 - 7*l - 2. Let c be h(-6). Suppose s = -4*i + 32 - c. What is the units digit of i?
7
Let m(i) = 4 + 0*i + i - 2*i. Let r = -68 - -58. What is the units digit of m(r)?
4
Suppose -54 = 4*y - y. What is the units digit of -4*2/(4/y)?
6
Let f be (-2)/((3 - 0)/51). Let a = -10 - f. What is the units digit of a?
4
Let h = -12 - -43. What is the units digit of h?
1
Let w be (-4 - -3)/(-1) + 5. Let d be 3/w + 2/(-4). Suppose d = -2*k - k + 15. What is the units digit of k?
5
Let h be 62/1 + 1 + -4. Suppose -3*k - 4 - h = 0. Let t = -3 - k. What is the units digit of t?
8
Let g = 19 - 9. Let k = -2 + 3. What is the tens digit of g - ((-2)/2)/k?
1
Let i = 5 + -1. Suppose i*h = -11 + 63. What is the units digit of h?
3
Let y(z) = -z**3 - 8*z**2 - z - 6. Let o be y(-8). Suppose -o = -2*w + 2. What is the units digit of w?
2
Let j(q) = q**2 - q + 11. Suppose 0 = -4*v - 0*v. What is the tens digit of j(v)?
1
Suppose 10*m - 18 = 4*m. What is the units digit of m?
3
Suppose 3*r + 2*r + o - 23 = 0, 0 = -2*o + 6. What is the units digit of r?
4
Let h be (-1)/(-2) + 27/(-18). Let r = 4 + h. What is the units digit of r?
3
Suppose -5*u - 20 = c, 0*c + 4*u = -3*c - 5. Suppose -r + 4*s + 88 = 3*r, 83 = c*r + 4*s. What is the units digit of r?
9
Suppose 0 = -7*t + 2*t - 30. Let q = t + 8. Suppose -q*l + 55 = 3*l. What is the tens digit of l?
1
Let r(g) = g**3 + g**2 + g. Let h be r(0). Let s = 3 + h. What is the units digit of (-3)/(2/((-6)/s))?
3
Let n(b) = -b - 1. Let d be n(-2). Let r be (-1)/2*-2*1. Let m = d + r. What is the units digit of m?
2
Suppose -3*q - 2*s = -122, 2*s + 2*s = 16. What is the tens digit of q?
3
Let u be (2 + 2 + 0)/2. Let b(c) = 2*c**2 + 3 - 3*c**2 + 3*c + u*c**2. What is the units digit of b(-2)?
1
Let u(l) = -l**3 - 9*l**2 - 14*l + 2. What is the units digit of u(-7)?
2
Let s(v) = v**3 + 11*v**2 - v - 23. What is the units digit of s(-7)?
0
Let g be (2/4)/((-7)/(-42)). Suppose j - 50 = -4*l, -g*j - 3*l + 85 = -j. What is the tens digit of j?
3
Let z(o) = o. Let b be z(2). Let p = b + 3. Let h(i) = -i**2 + 5*i + 6. What is the units digit of h(p)?
6
Let m = 23 - -43. Suppose -5*i + m = -29. What is the units digit of i?
9
What is the units digit of 19/((4/(-3))/(-4))?
7
Suppose -2*b + 13 = -23. What is the tens digit of b?
1
Let f(h) = h**2 - 12*h + 5. What is the tens digit of f(15)?
5
Let y(a) = 2*a - 2. Let l be (-2)/(-5) - 16/(-10). What is the units digit of y(l)?
2
Suppose 2*r + 9 = 47. What is the tens digit of r?
1
Let b(m) = -m**3 - 10*m**2 + 16. What is the tens digit of b(-10)?
1
Let t(v) = -v**3 + 9*v**2 - v + 10. What is the hundreds digit of t(7)?
1
Suppose 309 = v - n, -2*v = -5*n + 6*n - 606. What is the hundreds digit of v?
3
Let u(l) = l**2 + 11*l + 15. Let b be u(-11). Suppose 0 = -2*a + 4*w + 8, -4*a + 4*w - 3 + 23 = 0. What is the units digit of 2/a + 25/b?
2
Let o(x) be the first derivative of -x**2/2 + 5*x + 6. What is the units digit of o(3)?
2
Suppose -2*f - 5*u = f - 270, -4*f + 355 = 5*u. What is the units digit of f?
5
Let y = 20 - 18. Suppose -30 = -r - y*r. What is the units digit of r?
0
Let y(t) = -3*t - 3. Let v = -11 + 7. What is the units digit of y(v)?
9
Suppose 19*w = 12*w + 1638. What is the hundreds digit of w?
2
Let u = 7 + -5. Suppose b - 36 = -u*b. What is the tens digit of b?
1
Suppose 6*j + 5 = j + 5*t, 3*j + 3*t = 9. Suppose n = l - 2 - j, -5*l = 5*n - 35. Suppose -n*q = -3 + 1. What is the units digit of q?
1
Suppose -u - u + 4 = 0. Let b(g) = -1 - 4 + 3 - u - g. What is the units digit of b(-7)?
3
Suppose -4*p + 5*k = 38, 0*p + 4*p - k + 30 = 0. Let v(x) = x + 6. Let t be v(p). Let y = t - -2. What is the units digit of y?
1
Let b = 36 - 0. What is the tens digit of b?
3
Suppose -5*m - c + 105 = 0, 2*c = 5*m - 2*c - 80. Suppose -4*x = -m, 3*a = 5*x + 1 - 23. What is the units digit of a?
1
Let x = 63 - 34. What is the tens digit of x?
2
Suppose 5*g = -3*c + 44, -2*c - 8 = -5*g + 3*g. What is the units digit of g?
7
Suppose 3*h = -4*y + 37, 7*y + 5*h - 45 = 2*y. Suppose 0 = 5*d - y, -3*p + 4*p - 4*d = 9. What is the tens digit of p?
1
Suppose 0 = 4*o + 5*b - 132, -3*o - 64 = -5*o - 2*b. Let m = 4 + o. What is the units digit of m?
2
Suppose 2*s = u + 19, 4*u - u + 7 = -4*s. Let b(n) = -n**2 - 8*n + 10. What is the units digit of b(u)?
1
What is the units digit of 4 - (0 + 0) - 0?
4
Suppose 2*z + 3*z - 20 = 0. Suppose m = 5*m - z. What is the units digit of m - -8 - (2 - 3)?
0
Let m(k) = 3*k**2 + 2*k - 15. What is the hundreds digit of m(-7)?
1
Suppose 6*y - y + 5*t - 20 = 0, 4*y + 3*t - 12 = 0. Suppose -3*s + 2*s + 18 = y. What is the units digit of s?
8
Let o(j) = 4*j**2 + 3*j. What is the units digit of o(-4)?
2
What is the tens digit of (6132/(-27))/(-4) - 2/(-9)?
5
Suppose -8*y - 63 = -17*y. Let c = 9 - 5. Let h = y - c. What is the units digit of h?
3
Suppose q + 9 = 4*g, -q = -g - 4*g + 10. Let m = 3 + q. Let r = 8 + m. What is the units digit of r?
6
Let i = -93 - -149. What is the units digit of i?
6
What is the tens digit of -1 + -1 + 38 - -3?
3
Let y be 2/2 - (0 - -3). What is the units digit of (y/2 - 1) + 10?
8
Suppose 0 = 3*u - 4*t - 263, u - t + 400 = 6*u. What is the tens digit of u?
8
Let m(r) be the second derivative of 5*r**4/4 - r**3/3 + r**2/2 + 7*r. What is the units digit of m(1)?
4
Let x = 2 + -6. Let a(w) be the second derivative of w**5/20 + w**4/3 - w**3/6 - w**2 - w. What is the units digit of a(x)?
2
Let h(c) = 4*c + 1. Let y be h(1). Suppose -3*v = -3*u + 3, y*u = -5*v - 3 + 8. Let p = u + 0. What is the units digit of p?
1
Suppose -5*a = -5*n - 45, -2*a + n = 4*n + 2. Let h = -2 + a. Suppose 5*c = h + 7. What is the units digit of c?
2
Let o(p) = 12*p. Let m(b) = -b**2 - 5*b - 2. Let d be m(-3). Suppose 4*r - w = 9*r - 7, -13 = -5*r - d*w. What is the units digit of o(r)?
2
Let u(s) = 78*s - 8. What is the tens digit of u(1)?
7
Suppose 5*g + 3*z - 268 = 6*z, 5*g + 5*z = 300. What is the units digit of g?
6
Suppose 4*g = -0*y + 2*y, 3 = 3*y - 5*g. What is the units digit of (y/42)/((-2)/(-14))?
1
Let w = 13 + 58. What is the tens digit of w?
7
Suppose 0 = -2*f + t + 8, -f - 3*t - 19 = -6*f. Suppose 0 = -5*y + 15 - f. Suppose 0 = -k - 4*j + 8, y*j = -k + 5*k - 32. What is the units digit of k?
8
Let a be (6/2)/((-9)/(-6)). Suppose -6 + a = -s. Let z = 1 + s. What is the units digit of z?
5
Let r = -1 + 1. Let o(u) = u**2 + 3. Let v be o(r). Let t(d) = 2*d - 4. What is the units digit of t(v)?
2
Suppose 7*q - 56 = 3*q. Let z be (0 - -2)*(-3)/(-2). Suppose -z*s + q = 5. What is the units digit of s?
3
Let j be (0*2/(-6))/2. Suppose j = v + v - 14. Let z = v - 4. What is the units digit of z?
3
Let z(y) = -y**3 + 10*y**2 + 8. Let c be z(10). What is the units digit of 60/c + (-1)/(-2)?
8
Suppose -130 = -2*k - 5*v, 0*v + 2*v = 3*k - 176. What is the units digit of k?
0
Suppose -3*w + 20 + 7 = -g, 2*w - 3*g = 18. What is the units digit of (-1 - (-2 + 2)) + w?
8
Suppose -115 = -3*z + 5*j, -z + 5*j = 4*j - 39. What is the tens digit of z?
4
Let w(u) = u**3 + 8*u**2 - 15*u - 38. What is the units digit of w(-7)?
6
What is the units digit of (2/(-6))/(2*4/(-2232))?
3
Suppose 0 = 4*t - 7*t. Suppose d - 6 = -t. What is the units digit of d?
6
Let f(w) = w - 5. Let v = 10 + -5. Let s be f(v). Suppose -j = -s*j - 9. What is the units digit of j?
9
What is the units digit of 252/30 - (-2)/(-5)?
8
Let f(m) = -m**3 - 8*m**2 - 9*m - 7. Suppose 5*w + 32 + 3 = 0. What is the units digit of f(w)?
7
Let q(u) = u**3 - 7*u**2 - 6. Let y be q(7). Let j be 1/3 + (-178)/y. Suppo